{"id":4763,"date":"2021-01-31T05:59:14","date_gmt":"2021-01-31T05:59:14","guid":{"rendered":"http:\/\/demo.themewinter.com\/wp\/instive\/?page_id=4763"},"modified":"2023-11-22T19:32:48","modified_gmt":"2023-11-23T00:32:48","slug":"inicio","status":"publish","type":"page","link":"https:\/\/sibguadua.org\/","title":{"rendered":"Inicio"},"content":{"rendered":"\t\t<div data-elementor-type=\"wp-page\" data-elementor-id=\"4763\" class=\"elementor elementor-4763\">\n\t\t\t\t\t\t\t\t\t<section class=\"elementor-section elementor-top-section elementor-element elementor-element-6cdbce1 elementor-section-boxed elementor-section-height-default elementor-section-height-default\" data-id=\"6cdbce1\" data-element_type=\"section\" data-settings=\"{&quot;background_background&quot;:&quot;classic&quot;}\">\n\t\t\t\t\t\t\t<div class=\"elementor-background-overlay\"><\/div>\n\t\t\t\t\t\t\t<div class=\"elementor-container elementor-column-gap-default\">\n\t\t\t\t\t<div class=\"elementor-column elementor-col-50 elementor-top-column elementor-element elementor-element-8ded7ff\" data-id=\"8ded7ff\" data-element_type=\"column\" data-settings=\"{&quot;background_background&quot;:&quot;classic&quot;}\">\n\t\t\t<div class=\"elementor-widget-wrap elementor-element-populated\">\n\t\t\t\t\t\t\t\t<div class=\"elementor-element elementor-element-0fb1bff elementor-invisible elementor-widget elementor-widget-elementskit-heading\" data-id=\"0fb1bff\" data-element_type=\"widget\" data-settings=\"{&quot;_animation&quot;:&quot;zoomIn&quot;}\" data-widget_type=\"elementskit-heading.default\">\n\t\t\t\t<div class=\"elementor-widget-container\">\n\t\t\t<div class=\"ekit-wid-con\" ><div class=\"ekit-heading elementskit-section-title-wraper text_left   ekit_heading_tablet-   ekit_heading_mobile-\"><h3 class=\"elementskit-section-subtitle  elementskit-style-border\">\n\t\t\t\t\t\tSIBGUADUA\n\t\t\t\t\t<\/h3><h1 class=\"ekit-heading--title elementskit-section-title \">\n\t\t\t\t\tSOCIEDAD INTERNACIONAL DE LA GUADUA Y EL  BAMB\u00da\n\t\t\t\t<\/h1><\/div><\/div>\t\t<\/div>\n\t\t\t\t<\/div>\n\t\t\t\t\t<\/div>\n\t\t<\/div>\n\t\t\t\t<div class=\"elementor-column elementor-col-50 elementor-top-column elementor-element elementor-element-b24a74a\" data-id=\"b24a74a\" data-element_type=\"column\" data-settings=\"{&quot;background_background&quot;:&quot;classic&quot;}\">\n\t\t\t<div class=\"elementor-widget-wrap\">\n\t\t\t\t\t<div class=\"elementor-background-overlay\"><\/div>\n\t\t\t\t\t\t\t\t\t<\/div>\n\t\t<\/div>\n\t\t\t\t\t\t\t<\/div>\n\t\t<\/section>\n\t\t\t\t<section class=\"elementor-section elementor-top-section elementor-element elementor-element-77ca16d elementor-section-content-middle elementor-section-boxed elementor-section-height-default elementor-section-height-default\" data-id=\"77ca16d\" data-element_type=\"section\" data-settings=\"{&quot;background_background&quot;:&quot;classic&quot;}\">\n\t\t\t\t\t\t<div class=\"elementor-container elementor-column-gap-default\">\n\t\t\t\t\t<div class=\"elementor-column elementor-col-50 elementor-top-column elementor-element elementor-element-d76ccd9\" data-id=\"d76ccd9\" data-element_type=\"column\" data-settings=\"{&quot;background_background&quot;:&quot;classic&quot;}\">\n\t\t\t<div class=\"elementor-widget-wrap elementor-element-populated\">\n\t\t\t\t\t\t\t\t<div class=\"elementor-element elementor-element-b1b5562 border-image elementor-invisible elementor-widget elementor-widget-image\" data-id=\"b1b5562\" data-element_type=\"widget\" data-settings=\"{&quot;_animation&quot;:&quot;fadeInUp&quot;,&quot;_animation_delay&quot;:450}\" data-widget_type=\"image.default\">\n\t\t\t\t<div class=\"elementor-widget-container\">\n\t\t\t<style>\/*! elementor - v3.6.6 - 08-06-2022 *\/\n.elementor-widget-image{text-align:center}.elementor-widget-image a{display:inline-block}.elementor-widget-image a img[src$=\".svg\"]{width:48px}.elementor-widget-image img{vertical-align:middle;display:inline-block}<\/style>\t\t\t\t\t\t\t\t\t\t\t\t<img width=\"400\" height=\"350\" src=\"https:\/\/sibguadua.org\/wp-content\/uploads\/2023\/10\/B.jpg\" class=\"attachment-medium_large size-medium_large\" alt=\"\" loading=\"lazy\" srcset=\"https:\/\/sibguadua.org\/wp-content\/uploads\/2023\/10\/B.jpg 400w, https:\/\/sibguadua.org\/wp-content\/uploads\/2023\/10\/B-300x263.jpg 300w\" sizes=\"(max-width: 400px) 100vw, 400px\" \/>\t\t\t\t\t\t\t\t\t\t\t\t\t\t\t<\/div>\n\t\t\t\t<\/div>\n\t\t\t\t\t<\/div>\n\t\t<\/div>\n\t\t\t\t<div class=\"elementor-column elementor-col-50 elementor-top-column elementor-element elementor-element-38ffaeb elementor-invisible\" data-id=\"38ffaeb\" data-element_type=\"column\" data-settings=\"{&quot;animation&quot;:&quot;fadeInUp&quot;,&quot;animation_delay&quot;:550}\">\n\t\t\t<div class=\"elementor-widget-wrap elementor-element-populated\">\n\t\t\t\t\t\t\t\t<div class=\"elementor-element elementor-element-7eb01fe elementor-widget elementor-widget-instive-content-slider\" data-id=\"7eb01fe\" data-element_type=\"widget\" data-widget_type=\"instive-content-slider.default\">\n\t\t\t\t<div class=\"elementor-widget-container\">\n\t\t\t          \n    <div class=\"content-slider content-slider-two owl-carousel owl-theme\" data-controls=\"{&quot;show_nav&quot;:false,&quot;dot_nav_show&quot;:&quot;yes&quot;,&quot;auto_nav_slide&quot;:&quot;&quot;,&quot;ts_content_slider_speed&quot;:5000}\">\n                        \n                   \n                \n                    <div class=\"slide-item\">\n                            <div class=\"intro-wrap content-wrap\">\n                \n                            <h3 class=\"section-title\">\n                                \n                                 SIBGuadua\n                            <\/h3>\n\n                            <p>\n                                La Sociedad Internacional del Bamb\u00fa y la Guadua \u2013 SIBGuadua es una entidad sin \u00e1nimo de lucro que tiene como objetivo impulsar la integraci\u00f3n de los profesionales afines al objeto social de la Asociaci\u00f3n, a trav\u00e9s de la promoci\u00f3n del correcto uso, estudio y difusi\u00f3n del bamb\u00fa y la guadua                            <\/p>\n                                                           <div class=\"button-area\">\n                                    <a href=\"#\" class=\"btn btn-primary\"><i class=\"tsicon tsicon-button_icon03\"><\/i> Saber m\u00e1s <\/a>\n                               <\/div>\n                              \n                            <\/div>\n                        <\/div>\n                                        <\/div>\n        \t\t<\/div>\n\t\t\t\t<\/div>\n\t\t\t\t\t<\/div>\n\t\t<\/div>\n\t\t\t\t\t\t\t<\/div>\n\t\t<\/section>\n\t\t\t\t\t\t\t<\/div>\n\t\t","protected":false},"excerpt":{"rendered":"<p>SIBGUADUA SOCIEDAD INTERNACIONAL DE LA GUADUA Y EL BAMB\u00da SIBGuadua La Sociedad Internacional del Bamb\u00fa y la Guadua \u2013 SIBGuadua es una entidad sin \u00e1nimo de lucro que tiene como objetivo impulsar la integraci\u00f3n de los profesionales afines al objeto social de la Asociaci\u00f3n, a trav\u00e9s de la promoci\u00f3n del correcto uso, estudio y difusi\u00f3n [&hellip;]<\/p>\n","protected":false},"author":1,"featured_media":0,"parent":0,"menu_order":0,"comment_status":"closed","ping_status":"closed","template":"template\/homepage-template.php","meta":{"om_disable_all_campaigns":false},"_links":{"self":[{"href":"https:\/\/sibguadua.org\/index.php\/wp-json\/wp\/v2\/pages\/4763"}],"collection":[{"href":"https:\/\/sibguadua.org\/index.php\/wp-json\/wp\/v2\/pages"}],"about":[{"href":"https:\/\/sibguadua.org\/index.php\/wp-json\/wp\/v2\/types\/page"}],"author":[{"embeddable":true,"href":"https:\/\/sibguadua.org\/index.php\/wp-json\/wp\/v2\/users\/1"}],"replies":[{"embeddable":true,"href":"https:\/\/sibguadua.org\/index.php\/wp-json\/wp\/v2\/comments?post=4763"}],"version-history":[{"count":192,"href":"https:\/\/sibguadua.org\/index.php\/wp-json\/wp\/v2\/pages\/4763\/revisions"}],"predecessor-version":[{"id":7489,"href":"https:\/\/sibguadua.org\/index.php\/wp-json\/wp\/v2\/pages\/4763\/revisions\/7489"}],"wp:attachment":[{"href":"https:\/\/sibguadua.org\/index.php\/wp-json\/wp\/v2\/media?parent=4763"}],"curies":[{"name":"wp","href":"https:\/\/api.w.org\/{rel}","templated":true}]}}